when 1487 is divided by 295.
12
What is the remainder when 4827 is divided by 35?
32
Calculate the remainder when 6044 is divided by 1509.
8
Calculate the remainder when 68 is divided by 10.
8
Calculate the remainder when 79 is divided by 31.
17
Calculate the remainder when 128 is divided by 26.
24
Calculate the remainder when 138 is divided by 20.
18
Calculate the remainder when 1220 is divided by 86.
16
Calculate the remainder when 100 is divided by 10.
0
What is the remainder when 1077 is divided by 27?
24
What is the remainder when 20124 is divided by 37?
33
Calculate the remainder when 265 is divided by 34.
27
What is the remainder when 560 is divided by 6?
2
Calculate the remainder when 62 is divided by 21.
20
What is the remainder when 166 is divided by 24?
22
Calculate the remainder when 1065 is divided by 50.
15
What is the remainder when 8004 is divided by 12?
0
What is the remainder when 1932 is divided by 637?
21
What is the remainder when 399 is divided by 67?
64
What is the remainder when 185 is divided by 91?
3
Calculate the remainder when 3164 is divided by 98.
28
Calculate the remainder when 1474 is divided by 59.
58
Calculate the remainder when 1260 is divided by 59.
21
Calculate the remainder when 59 is divided by 9.
5
What is the remainder when 1375 is divided by 51?
49
What is the remainder when 11305 is divided by 11?
8
What is the remainder when 405 is divided by 14?
13
Calculate the remainder when 96 is divided by 51.
45
Calculate the remainder when 5732 is divided by 13.
12
What is the remainder when 14621 is divided by 16?
13
Calculate the remainder when 857 is divided by 10.
7
Calculate the remainder when 804 is divided by 140.
104
What is the remainder when 3937 is divided by 33?
10
Calculate the remainder when 585 is divided by 12.
9
What is the remainder when 73 is divided by 34?
5
What is the remainder when 299 is divided by 142?
15
What is the remainder when 117 is divided by 10?
7
Calculate the remainder when 723 is divided by 97.
44
What is the remainder when 45 is divided by 28?
17
What is the remainder when 192 is divided by 91?
10
Calculate the remainder when 840 is divided by 46.
12
What is the remainder when 845 is divided by 66?
53
Calculate the remainder when 1204 is divided by 301.
0
What is the remainder when 555 is divided by 70?
65
Calculate the remainder when 49 is divided by 36.
13
What is the remainder when 902 is divided by 251?
149
What is the remainder when 110 is divided by 8?
6
Calculate the remainder when 246 is divided by 82.
0
What is the remainder when 37 is divided by 6?
1
Calculate the remainder when 2636 is divided by 44.
40
Calculate the remainder when 202 is divided by 58.
28
What is the remainder when 219 is divided by 11?
10
Calculate the remainder when 514 is divided by 143.
85
What is the remainder when 139 is divided by 31?
15
Calculate the remainder when 5066 is divided by 195.
191
What is the remainder when 377 is divided by 19?
16
What is the remainder when 52 is divided by 11?
8
What is the remainder when 1079 is divided by 45?
44
Calculate the remainder when 153 is divided by 40.
33
Calculate the remainder when 751 is divided by 26.
23
Calculate the remainder when 182 is divided by 8.
6
Calculate the remainder when 156 is divided by 42.
30
What is the remainder when 304 is divided by 52?
44
What is the remainder when 222 is divided by 4?
2
What is the remainder when 985 is divided by 43?
39
Calculate the remainder when 4949 is divided by 90.
89
Calculate the remainder when 4803 is divided by 89.
86
What is the remainder when 5828 is divided by 389?
382
Calculate the remainder when 113 is divided by 51.
11
Calculate the remainder when 1233 is divided by 102.
9
What is the remainder when 276 is divided by 129?
18
What is the remainder when 160 is divided by 34?
24
What is the remainder when 37810 is divided by 274?
272
What is the remainder when 22212 is divided by 58?
56
Calculate the remainder when 300 is divided by 36.
12
What is the remainder when 41158 is divided by 28?
26
What is the remainder when 1057 is divided by 350?
7
Calculate the remainder when 65 is divided by 15.
5
Calculate the remainder when 760 is divided by 352.
56
What is the remainder when 24 is divided by 5?
4
Calculate the remainder when 314 is divided by 14.
6
Calculate the remainder when 815 is divided by 68.
67
What is the remainder when 191 is divided by 8?
7
Calculate the remainder when 791 is divided by 44.
43
Calculate the remainder when 227 is divided by 38.
37
What is the remainder when 206 is divided by 8?
6
What is the remainder when 1803 is divided by 600?
3
Calculate the remainder when 574 is divided by 187.
13
What is the remainder when 207 is divided by 30?
27
Calculate the remainder when 206 is divided by 13.
11
Calculate the remainder when 667 is divided by 16.
11
What is the remainder when 5279 is divided by 17?
9
Calculate the remainder when 11380 is divided by 42.
40
What is the remainder when 7376 is divided by 180?
176
What is the remainder when 1539 is divided by 110?
109
Calculate the remainder when 673 is divided by 162.
25
Calculate the remainder when 240 is divided by 40.
0
What is the remainder when 946 is divided by 36?
10
What is the remainder when 12 is divided by 3?
0
Calculate the remainder when 106 is divided by 11.
7
Calculate the remainder when 532 is divided by 89.
87
Calculate the remainder when 489 is divided by 16.
9
Calculate the remainder when 192 is divided by 87.
18
Calculate the remainder when 2243 is divided by 44.
43
What is the remainder when 929 is divided by 93?
92
Calculate the remainder when 3230 is divided by 11.
7
What is the remainder when 210 is divided by 36?
30
Calculate the remainder when 72 is divided by 5.
2
Calculate the remainder when 1349 is divided by 50.
49
Calculate the remainder when 36 is divided by 8.
4
Calculate the remainder when 1296 is divided by 637.
22
What is the remainder when 96 is divided by 13?
5
What is the remainder when 526 is divided by 66?
64
What is the remainder when 103 is divided by 63?
40
Calculate the remainder when 1263 is divided by 8.
7
Calculate the remainder when 665 is divided by 22.
5
Calculate the remainder when 672 is divided by 118.
82
What is the remainder when 2479 is divided by 62?
61
What is the remainder when 706 is divided by 102?
94
Calculate the remainder when 1134 is divided by 1125.
9
Calculate the remainder when 41 is divided by 15.
11
What is the remainder when 319 is divided by 16?
15
What is the remainder when 375 is divided by 43?
31
What is the remainder when 359 is divided by 60?
59
Calculate the remainder when 702 is divided by 202.
96
Calculate the remainder when 470 is divided by 33.
8
What is the remainder when 215 is divided by 7?
5
What is the remainder when 741 is divided by 75?
66
What is the remainder when 316 is divided by 19?
12
Calculate the remainder when 23559 is divided by 62.
61
What is the remainder when 89 is divided by 70?
19
Calculate the remainder when 825 is divided by 222.
159
Calculate the remainder when 2494 is divided by 344.
86
What is the remainder when 2145 is divided by 57?
36
What is the remainder when 4859 is divided by 36?
35
What is the remainder when 76 is divided by 20?
16
What is the remainder when 114 is divided by 55?
4
Calculate the remainder when 955 is divided by 11.
9
Calculate the remainder when 61 is divided by 4.
1
Calculate the remainder when 822 is divided by 59.
55
What is the remainder when 187 is divided by 37?
2
Calculate the remainder when 444 is divided by 41.
34
Calculate the remainder when 8266 is divided by 53.
51
Calculate the remainder when 3677 is divided by 14.
9
What is the remainder when 235 is divided by 35?
25
Calculate the remainder when 55 is divided by 48.
7
What is the remainder when 77 is divided by 70?
7
Calculate the remainder when 764 is divided by 48.
44
Calculate the remainder when 94 is divided by 5.
4
What is the remainder when 368 is divided by 40?
8
What is the remainder when 879 is divided by 786?
93
What is the remainder when 82 is divided by 51?
31
Calculate the remainder when 1453 is divided by 112.
109
What is the remainder when 823 is divided by 145?
98
What is the remainder when 35 is divided by